late the highest common divisor of 75 and 525.
75
Calculate the highest common divisor of 2776 and 28.
4
What is the greatest common factor of 231 and 147?
21
Calculate the highest common factor of 270 and 432.
54
Calculate the highest common divisor of 171 and 72.
9
What is the highest common divisor of 35 and 35?
35
Calculate the greatest common factor of 3759 and 105.
21
Calculate the highest common divisor of 2907 and 459.
153
What is the greatest common divisor of 1260 and 18?
18
What is the highest common factor of 578 and 14?
2
What is the greatest common divisor of 3534 and 456?
114
What is the greatest common divisor of 1495 and 115?
115
What is the highest common divisor of 3188 and 4?
4
What is the highest common divisor of 120 and 192?
24
Calculate the greatest common divisor of 10 and 34.
2
Calculate the greatest common factor of 22 and 319.
11
Calculate the greatest common divisor of 216 and 328.
8
What is the greatest common factor of 580 and 2610?
290
What is the highest common divisor of 749 and 7?
7
Calculate the greatest common factor of 420 and 2660.
140
What is the highest common divisor of 162 and 24?
6
What is the greatest common divisor of 2 and 15?
1
What is the highest common factor of 3648 and 2112?
192
Calculate the highest common factor of 10696 and 112.
56
Calculate the greatest common divisor of 434 and 35.
7
Calculate the greatest common divisor of 25 and 475.
25
Calculate the greatest common divisor of 7 and 2947.
7
Calculate the highest common divisor of 1225 and 147.
49
What is the highest common factor of 1035 and 90?
45
Calculate the greatest common divisor of 11 and 407.
11
What is the highest common divisor of 396 and 18?
18
What is the greatest common divisor of 10892 and 28?
28
What is the greatest common divisor of 147 and 21?
21
Calculate the highest common divisor of 51 and 444.
3
Calculate the greatest common factor of 49 and 1372.
49
Calculate the greatest common divisor of 418 and 1862.
38
Calculate the greatest common divisor of 80 and 570.
10
What is the greatest common factor of 295 and 118?
59
What is the highest common factor of 140 and 2128?
28
What is the greatest common divisor of 22424 and 8?
8
What is the greatest common divisor of 136 and 51?
17
Calculate the highest common factor of 1314 and 365.
73
What is the greatest common factor of 81 and 18?
9
Calculate the highest common factor of 153 and 136.
17
Calculate the greatest common factor of 1560 and 240.
120
What is the highest common divisor of 13 and 325?
13
Calculate the highest common divisor of 6 and 6972.
6
Calculate the highest common factor of 1268 and 12.
4
Calculate the greatest common divisor of 156 and 228.
12
Calculate the greatest common divisor of 448 and 28.
28
What is the greatest common divisor of 1120 and 70?
70
Calculate the highest common divisor of 13670 and 10.
10
Calculate the highest common factor of 2294 and 592.
74
What is the highest common divisor of 4 and 464?
4
Calculate the highest common divisor of 36 and 2628.
36
Calculate the highest common factor of 39 and 171.
3
What is the highest common factor of 5005 and 550?
55
Calculate the greatest common factor of 10 and 10655.
5
What is the highest common factor of 4790 and 250?
10
What is the highest common divisor of 34 and 221?
17
What is the greatest common factor of 48 and 104?
8
What is the highest common factor of 50 and 130?
10
Calculate the greatest common factor of 648 and 24.
24
What is the highest common divisor of 59 and 1?
1
What is the greatest common factor of 56 and 336?
56
Calculate the greatest common factor of 108 and 12.
12
What is the greatest common divisor of 128 and 4?
4
What is the greatest common divisor of 342 and 36?
18
Calculate the highest common factor of 168 and 8988.
84
Calculate the highest common factor of 30 and 1410.
30
What is the greatest common divisor of 138 and 1587?
69
What is the greatest common factor of 6 and 3858?
6
What is the greatest common factor of 1961 and 296?
37
Calculate the greatest common divisor of 9 and 7731.
9
What is the greatest common factor of 91 and 63?
7
Calculate the greatest common divisor of 187 and 11.
11
Calculate the greatest common factor of 152 and 24.
8
Calculate the greatest common divisor of 4773 and 111.
111
What is the highest common divisor of 36 and 2640?
12
Calculate the greatest common factor of 577 and 4.
1
Calculate the highest common factor of 3472 and 80.
16
What is the greatest common divisor of 30 and 2670?
30
Calculate the highest common factor of 845 and 130.
65
Calculate the greatest common divisor of 646 and 34.
34
Calculate the greatest common factor of 20 and 80.
20
What is the greatest common factor of 57 and 201?
3
Calculate the greatest common factor of 51 and 3026.
17
Calculate the highest common divisor of 1243 and 11.
11
Calculate the highest common factor of 666 and 144.
18
Calculate the greatest common divisor of 169 and 91.
13
What is the highest common factor of 388 and 21922?
194
What is the highest common divisor of 9 and 639?
9
Calculate the greatest common divisor of 5561 and 415.
83
What is the greatest common divisor of 77 and 28?
7
What is the highest common factor of 42 and 1134?
42
What is the greatest common divisor of 549 and 45?
9
Calculate the greatest common divisor of 1256 and 24.
8
What is the highest common divisor of 42576 and 48?
48
Calculate the highest common divisor of 12 and 588.
12
Calculate the greatest common factor of 28 and 2996.
28
What is the highest common divisor of 3 and 3867?
3
What is the highest common divisor of 8892 and 18?
18
What is the greatest common divisor of 4199 and 5525?
221
What is the highest common divisor of 48 and 120?
24
What is the greatest common factor of 17 and 9?
1
What is the greatest common factor of 12 and 40?
4
What is the greatest common factor of 10 and 272?
2
Calculate the greatest common divisor of 129 and 1849.
43
What is the highest common factor of 63 and 543?
3
What is the highest common divisor of 84 and 105?
21
What is the greatest common factor of 32 and 144?
16
Calculate the highest common divisor of 369 and 5207.
41
Calculate the greatest common factor of 40 and 44.
4
What is the highest common factor of 1768 and 520?
104
What is the highest common factor of 1536 and 288?
96
Calculate the greatest common divisor of 120 and 2100.
60
What is the greatest common divisor of 1750 and 7525?
175
Calculate the highest common factor of 60 and 540.
60
Calculate the greatest common factor of 81 and 111.
3
Calculate the greatest common factor of 34 and 731.
17
Calculate the highest common divisor of 50 and 1000.
50
What is the greatest common factor of 63 and 11424?
21
What is the greatest common divisor of 7245 and 115?
115
Calculate the highest common factor of 125 and 75.
25
What is the highest common factor of 646 and 204?
34
Calculate the greatest common factor of 418 and 44.
22
Calculate the greatest common factor of 851 and 69.
23
What is the highest common factor of 697 and 82?
41
What is the greatest common divisor of 781 and 142?
71
Calculate the highest common factor of 54 and 72.
18
Calculate the highest common factor of 490 and 105.
35
What is the greatest common factor of 32 and 288?
32
What is the highest common divisor of 462 and 1428?
42
What is the greatest common divisor of 27 and 459?
27
Calculate the highest common divisor of 1 and 1153.
1
Calculate the greatest common divisor of 93 and 9.
3
Calculate the highest common divisor of 1206 and 54.
18
What is the highest common divisor of 806 and 442?
26
Calculate the highest common factor of 23 and 2323.
23
Calculate the greatest common factor of 474 and 1501.
79
Calculate the highest common factor of 160 and 60.
20
What is the highest common factor of 5751 and 216?
27
Calculate the highest common divisor of 5 and 510.
5
Calculate the greatest common divisor of 8 and 844.
4
Calculate the highest common factor of 4309 and 556.
139
Calculate the highest common factor of 314 and 98.
2
Calculate the highest common factor of 1025 and 700.
25
Calculate the greatest common factor of 60 and 200.
20
Calculate the greatest common factor of 351 and 26.
13
Calculate the greatest common factor of 840 and 240.
120
What is the highe